{"id":550,"date":"2020-01-28T08:57:20","date_gmt":"2020-01-28T07:57:20","guid":{"rendered":"http:\/\/cvestavayer.ch\/fr\/?page_id=550"},"modified":"2020-01-28T08:59:54","modified_gmt":"2020-01-28T07:59:54","slug":"grand-prix-m2","status":"publish","type":"page","link":"https:\/\/cvestavayer.ch\/fr\/regates\/resultats-2015\/grand-prix-m2\/","title":{"rendered":"Grand Prix M2"},"content":{"rendered":"\n<p>Le Grand Prix des M2 s&rsquo;est d\u00e9roul\u00e9 ce weekend dans des conditions de   l\u00e9g\u00e8re bise. 4 manches ont \u00e9t\u00e9 courues le samedi et malgr\u00e9 qu&rsquo;Eole s&rsquo;est   montr\u00e9 timide le dimanche, les bolides de carbone ont pu remplier pour  4  autres manches.<\/p>\n\n\n\n<p>Apr\u00e8s les 8 manches s&rsquo;est donc TeamWork (Nils Palmieri) qui l&#8217;emporte,   devant Team Seven (Christophe Peclard) et Patrimonium (Nicolas  Rossier).<\/p>\n\n\n\n<p>Retrouvez le classement final <a href=\"https:\/\/cvestavayer.ch\/fr\/regate_2015_results_gp_m2_2015\/\" target=\"_blank\" rel=\"noreferrer noopener\" aria-label=\" (s\u2019ouvre dans un nouvel onglet)\">ici<\/a>. <\/p>\n","protected":false},"excerpt":{"rendered":"<p>Le Grand Prix des M2 s&rsquo;est d\u00e9roul\u00e9 ce weekend dans des conditions de l\u00e9g\u00e8re bise. 4 manches ont \u00e9t\u00e9 courues le samedi et malgr\u00e9 qu&rsquo;Eole s&rsquo;est montr\u00e9 timide le dimanche, <a class=\"more-link\" href=\"https:\/\/cvestavayer.ch\/fr\/regates\/resultats-2015\/grand-prix-m2\/\">Continuer la lecture &rarr;<\/a><\/p>\n","protected":false},"author":1,"featured_media":0,"parent":541,"menu_order":3,"comment_status":"closed","ping_status":"closed","template":"","meta":{"_monsterinsights_skip_tracking":false,"_monsterinsights_sitenote_active":false,"_monsterinsights_sitenote_note":"","_monsterinsights_sitenote_category":0,"_EventAllDay":false,"_EventTimezone":"","_EventStartDate":"","_EventEndDate":"","_EventStartDateUTC":"","_EventEndDateUTC":"","_EventShowMap":false,"_EventShowMapLink":false,"_EventURL":"","_EventCost":"","_EventCostDescription":"","_EventCurrencySymbol":"","_EventCurrencyCode":"","_EventCurrencyPosition":"","_EventDateTimeSeparator":"","_EventTimeRangeSeparator":"","_EventOrganizerID":[],"_EventVenueID":[],"_OrganizerEmail":"","_OrganizerPhone":"","_OrganizerWebsite":"","_VenueAddress":"","_VenueCity":"","_VenueCountry":"","_VenueProvince":"","_VenueState":"","_VenueZip":"","_VenuePhone":"","_VenueURL":"","_VenueStateProvince":"","_VenueLat":"","_VenueLng":"","_VenueShowMap":false,"_VenueShowMapLink":false,"footnotes":""},"class_list":["post-550","page","type-page","status-publish","hentry"],"yoast_head":"<!-- This site is optimized with the Yoast SEO plugin v27.5 - https:\/\/yoast.com\/product\/yoast-seo-wordpress\/ -->\n<title>Grand Prix M2 - Cercle de la Voile d&#039;Estavayer<\/title>\n<meta name=\"robots\" content=\"index, follow, max-snippet:-1, max-image-preview:large, max-video-preview:-1\" \/>\n<link rel=\"canonical\" href=\"https:\/\/cvestavayer.ch\/fr\/regates\/resultats-2015\/grand-prix-m2\/\" \/>\n<meta property=\"og:locale\" content=\"fr_FR\" \/>\n<meta property=\"og:type\" content=\"article\" \/>\n<meta property=\"og:title\" content=\"Grand Prix M2 - Cercle de la Voile d&#039;Estavayer\" \/>\n<meta property=\"og:description\" content=\"Le Grand Prix des M2 s&rsquo;est d\u00e9roul\u00e9 ce weekend dans des conditions de l\u00e9g\u00e8re bise. 4 manches ont \u00e9t\u00e9 courues le samedi et malgr\u00e9 qu&rsquo;Eole s&rsquo;est montr\u00e9 timide le dimanche, Continuer la lecture &rarr;\" \/>\n<meta property=\"og:url\" content=\"https:\/\/cvestavayer.ch\/fr\/regates\/resultats-2015\/grand-prix-m2\/\" \/>\n<meta property=\"og:site_name\" content=\"Cercle de la Voile d&#039;Estavayer\" \/>\n<meta property=\"article:modified_time\" content=\"2020-01-28T07:59:54+00:00\" \/>\n<meta name=\"twitter:card\" content=\"summary_large_image\" \/>\n<script type=\"application\/ld+json\" class=\"yoast-schema-graph\">{\"@context\":\"https:\\\/\\\/schema.org\",\"@graph\":[{\"@type\":\"WebPage\",\"@id\":\"https:\\\/\\\/cvestavayer.ch\\\/fr\\\/regates\\\/resultats-2015\\\/grand-prix-m2\\\/\",\"url\":\"https:\\\/\\\/cvestavayer.ch\\\/fr\\\/regates\\\/resultats-2015\\\/grand-prix-m2\\\/\",\"name\":\"Grand Prix M2 - Cercle de la Voile d&#039;Estavayer\",\"isPartOf\":{\"@id\":\"https:\\\/\\\/cvestavayer.ch\\\/fr\\\/#website\"},\"datePublished\":\"2020-01-28T07:57:20+00:00\",\"dateModified\":\"2020-01-28T07:59:54+00:00\",\"breadcrumb\":{\"@id\":\"https:\\\/\\\/cvestavayer.ch\\\/fr\\\/regates\\\/resultats-2015\\\/grand-prix-m2\\\/#breadcrumb\"},\"inLanguage\":\"fr-FR\",\"potentialAction\":[{\"@type\":\"ReadAction\",\"target\":[\"https:\\\/\\\/cvestavayer.ch\\\/fr\\\/regates\\\/resultats-2015\\\/grand-prix-m2\\\/\"]}]},{\"@type\":\"BreadcrumbList\",\"@id\":\"https:\\\/\\\/cvestavayer.ch\\\/fr\\\/regates\\\/resultats-2015\\\/grand-prix-m2\\\/#breadcrumb\",\"itemListElement\":[{\"@type\":\"ListItem\",\"position\":1,\"name\":\"Accueil\",\"item\":\"https:\\\/\\\/cvestavayer.ch\\\/fr\\\/\"},{\"@type\":\"ListItem\",\"position\":2,\"name\":\"R\u00e9gates\",\"item\":\"https:\\\/\\\/cvestavayer.ch\\\/fr\\\/regates\\\/\"},{\"@type\":\"ListItem\",\"position\":3,\"name\":\"R\u00e9sultats 2015\",\"item\":\"https:\\\/\\\/cvestavayer.ch\\\/fr\\\/regates\\\/resultats-2015\\\/\"},{\"@type\":\"ListItem\",\"position\":4,\"name\":\"Grand Prix M2\"}]},{\"@type\":\"WebSite\",\"@id\":\"https:\\\/\\\/cvestavayer.ch\\\/fr\\\/#website\",\"url\":\"https:\\\/\\\/cvestavayer.ch\\\/fr\\\/\",\"name\":\"Cercle de la Voile d&#039;Estavayer\",\"description\":\"\",\"potentialAction\":[{\"@type\":\"SearchAction\",\"target\":{\"@type\":\"EntryPoint\",\"urlTemplate\":\"https:\\\/\\\/cvestavayer.ch\\\/fr\\\/?s={search_term_string}\"},\"query-input\":{\"@type\":\"PropertyValueSpecification\",\"valueRequired\":true,\"valueName\":\"search_term_string\"}}],\"inLanguage\":\"fr-FR\"}]}<\/script>\n<!-- \/ Yoast SEO plugin. -->","yoast_head_json":{"title":"Grand Prix M2 - Cercle de la Voile d&#039;Estavayer","robots":{"index":"index","follow":"follow","max-snippet":"max-snippet:-1","max-image-preview":"max-image-preview:large","max-video-preview":"max-video-preview:-1"},"canonical":"https:\/\/cvestavayer.ch\/fr\/regates\/resultats-2015\/grand-prix-m2\/","og_locale":"fr_FR","og_type":"article","og_title":"Grand Prix M2 - Cercle de la Voile d&#039;Estavayer","og_description":"Le Grand Prix des M2 s&rsquo;est d\u00e9roul\u00e9 ce weekend dans des conditions de l\u00e9g\u00e8re bise. 4 manches ont \u00e9t\u00e9 courues le samedi et malgr\u00e9 qu&rsquo;Eole s&rsquo;est montr\u00e9 timide le dimanche, Continuer la lecture &rarr;","og_url":"https:\/\/cvestavayer.ch\/fr\/regates\/resultats-2015\/grand-prix-m2\/","og_site_name":"Cercle de la Voile d&#039;Estavayer","article_modified_time":"2020-01-28T07:59:54+00:00","twitter_card":"summary_large_image","schema":{"@context":"https:\/\/schema.org","@graph":[{"@type":"WebPage","@id":"https:\/\/cvestavayer.ch\/fr\/regates\/resultats-2015\/grand-prix-m2\/","url":"https:\/\/cvestavayer.ch\/fr\/regates\/resultats-2015\/grand-prix-m2\/","name":"Grand Prix M2 - Cercle de la Voile d&#039;Estavayer","isPartOf":{"@id":"https:\/\/cvestavayer.ch\/fr\/#website"},"datePublished":"2020-01-28T07:57:20+00:00","dateModified":"2020-01-28T07:59:54+00:00","breadcrumb":{"@id":"https:\/\/cvestavayer.ch\/fr\/regates\/resultats-2015\/grand-prix-m2\/#breadcrumb"},"inLanguage":"fr-FR","potentialAction":[{"@type":"ReadAction","target":["https:\/\/cvestavayer.ch\/fr\/regates\/resultats-2015\/grand-prix-m2\/"]}]},{"@type":"BreadcrumbList","@id":"https:\/\/cvestavayer.ch\/fr\/regates\/resultats-2015\/grand-prix-m2\/#breadcrumb","itemListElement":[{"@type":"ListItem","position":1,"name":"Accueil","item":"https:\/\/cvestavayer.ch\/fr\/"},{"@type":"ListItem","position":2,"name":"R\u00e9gates","item":"https:\/\/cvestavayer.ch\/fr\/regates\/"},{"@type":"ListItem","position":3,"name":"R\u00e9sultats 2015","item":"https:\/\/cvestavayer.ch\/fr\/regates\/resultats-2015\/"},{"@type":"ListItem","position":4,"name":"Grand Prix M2"}]},{"@type":"WebSite","@id":"https:\/\/cvestavayer.ch\/fr\/#website","url":"https:\/\/cvestavayer.ch\/fr\/","name":"Cercle de la Voile d&#039;Estavayer","description":"","potentialAction":[{"@type":"SearchAction","target":{"@type":"EntryPoint","urlTemplate":"https:\/\/cvestavayer.ch\/fr\/?s={search_term_string}"},"query-input":{"@type":"PropertyValueSpecification","valueRequired":true,"valueName":"search_term_string"}}],"inLanguage":"fr-FR"}]}},"_links":{"self":[{"href":"https:\/\/cvestavayer.ch\/fr\/wp-json\/wp\/v2\/pages\/550","targetHints":{"allow":["GET"]}}],"collection":[{"href":"https:\/\/cvestavayer.ch\/fr\/wp-json\/wp\/v2\/pages"}],"about":[{"href":"https:\/\/cvestavayer.ch\/fr\/wp-json\/wp\/v2\/types\/page"}],"author":[{"embeddable":true,"href":"https:\/\/cvestavayer.ch\/fr\/wp-json\/wp\/v2\/users\/1"}],"replies":[{"embeddable":true,"href":"https:\/\/cvestavayer.ch\/fr\/wp-json\/wp\/v2\/comments?post=550"}],"version-history":[{"count":1,"href":"https:\/\/cvestavayer.ch\/fr\/wp-json\/wp\/v2\/pages\/550\/revisions"}],"predecessor-version":[{"id":552,"href":"https:\/\/cvestavayer.ch\/fr\/wp-json\/wp\/v2\/pages\/550\/revisions\/552"}],"up":[{"embeddable":true,"href":"https:\/\/cvestavayer.ch\/fr\/wp-json\/wp\/v2\/pages\/541"}],"wp:attachment":[{"href":"https:\/\/cvestavayer.ch\/fr\/wp-json\/wp\/v2\/media?parent=550"}],"curies":[{"name":"wp","href":"https:\/\/api.w.org\/{rel}","templated":true}]}}

<p>Le Grand Prix des M2 s&rsquo;est déroulé ce weekend dans des conditions de   légère bise. 4 manches ont été courues le samedi et malgré qu&rsquo;Eole s&rsquo;est   montré timide le dimanche, les bolides de carbone ont pu remplier pour  4  autres manches.</p>



<p>Après les 8 manches s&rsquo;est donc TeamWork (Nils Palmieri) qui l&#8217;emporte,   devant Team Seven (Christophe Peclard) et Patrimonium (Nicolas  Rossier).</p>



<p>Retrouvez le classement final <a href="https://cvestavayer.ch/fr/regate_2015_results_gp_m2_2015/" target="_blank" rel="noreferrer noopener" aria-label=" (s’ouvre dans un nouvel onglet)">ici</a>. </p>

<p>Le Grand Prix des M2 s&rsquo;est déroulé ce weekend dans des conditions de légère bise. 4 manches ont été courues le samedi et malgré qu&rsquo;Eole s&rsquo;est montré timide le dimanche, <a class="more-link" href="https://cvestavayer.ch/fr/regates/resultats-2015/grand-prix-m2/">Continuer la lecture &rarr;</a></p>

<!-- This site is optimized with the Yoast SEO plugin v27.5 - https://yoast.com/product/yoast-seo-wordpress/ -->
<title>Grand Prix M2 - Cercle de la Voile d&#039;Estavayer</title>
<meta name="robots" content="index, follow, max-snippet:-1, max-image-preview:large, max-video-preview:-1" />
<link rel="canonical" href="https://cvestavayer.ch/fr/regates/resultats-2015/grand-prix-m2/" />
<meta property="og:locale" content="fr_FR" />
<meta property="og:type" content="article" />
<meta property="og:title" content="Grand Prix M2 - Cercle de la Voile d&#039;Estavayer" />
<meta property="og:description" content="Le Grand Prix des M2 s&rsquo;est déroulé ce weekend dans des conditions de légère bise. 4 manches ont été courues le samedi et malgré qu&rsquo;Eole s&rsquo;est montré timide le dimanche, Continuer la lecture &rarr;" />
<meta property="og:url" content="https://cvestavayer.ch/fr/regates/resultats-2015/grand-prix-m2/" />
<meta property="og:site_name" content="Cercle de la Voile d&#039;Estavayer" />
<meta property="article:modified_time" content="2020-01-28T07:59:54+00:00" />
<meta name="twitter:card" content="summary_large_image" />
<script type="application/ld+json" class="yoast-schema-graph">{"@context":"https:\/\/schema.org","@graph":[{"@type":"WebPage","@id":"https:\/\/cvestavayer.ch\/fr\/regates\/resultats-2015\/grand-prix-m2\/","url":"https:\/\/cvestavayer.ch\/fr\/regates\/resultats-2015\/grand-prix-m2\/","name":"Grand Prix M2 - Cercle de la Voile d&#039;Estavayer","isPartOf":{"@id":"https:\/\/cvestavayer.ch\/fr\/#website"},"datePublished":"2020-01-28T07:57:20+00:00","dateModified":"2020-01-28T07:59:54+00:00","breadcrumb":{"@id":"https:\/\/cvestavayer.ch\/fr\/regates\/resultats-2015\/grand-prix-m2\/#breadcrumb"},"inLanguage":"fr-FR","potentialAction":[{"@type":"ReadAction","target":["https:\/\/cvestavayer.ch\/fr\/regates\/resultats-2015\/grand-prix-m2\/"]}]},{"@type":"BreadcrumbList","@id":"https:\/\/cvestavayer.ch\/fr\/regates\/resultats-2015\/grand-prix-m2\/#breadcrumb","itemListElement":[{"@type":"ListItem","position":1,"name":"Accueil","item":"https:\/\/cvestavayer.ch\/fr\/"},{"@type":"ListItem","position":2,"name":"Régates","item":"https:\/\/cvestavayer.ch\/fr\/regates\/"},{"@type":"ListItem","position":3,"name":"Résultats 2015","item":"https:\/\/cvestavayer.ch\/fr\/regates\/resultats-2015\/"},{"@type":"ListItem","position":4,"name":"Grand Prix M2"}]},{"@type":"WebSite","@id":"https:\/\/cvestavayer.ch\/fr\/#website","url":"https:\/\/cvestavayer.ch\/fr\/","name":"Cercle de la Voile d&#039;Estavayer","description":"","potentialAction":[{"@type":"SearchAction","target":{"@type":"EntryPoint","urlTemplate":"https:\/\/cvestavayer.ch\/fr\/?s={search_term_string}"},"query-input":{"@type":"PropertyValueSpecification","valueRequired":true,"valueName":"search_term_string"}}],"inLanguage":"fr-FR"}]}</script>
<!-- / Yoast SEO plugin. -->

Le Grand Prix des M2 s&rsquo;est déroulé ce weekend dans des conditions de légère bise. 4 manches ont été courues le samedi et malgré qu&rsquo;Eole s&rsquo;est montré timide le dimanche, Continuer la lecture &rarr;

Régates

Résultats 2015
